{"id":498,"date":"2020-05-29T14:15:34","date_gmt":"2020-05-29T14:15:34","guid":{"rendered":"https:\/\/veterinariabyf.com.ar\/petshop\/?post_type=product&#038;p=498"},"modified":"2025-07-03T22:04:27","modified_gmt":"2025-07-03T22:04:27","slug":"vital-can-balanced-adulto-large-breed","status":"publish","type":"product","link":"https:\/\/veterinariabyf.com.ar\/petshop\/product\/vital-can-balanced-adulto-large-breed\/","title":{"rendered":"Vital Can Balanced Adulto Large Breed"},"content":{"rendered":"<h4 class=\"medium\">Indicado para perros adultos de raza grande de 18 meses hasta 7 a\u00f1os<\/h4>\n<p><strong>Vitalcan Balanced\u00a0<\/strong>es ideal para perros adultos de raza grande porque su\u00a0<strong>Programa Equilibrio Saludable\u00a0<\/strong>les proporciona:<\/p>\n<ul>\n<li style=\"list-style-type: none\">\n<ul>\n<li><strong>Modulaci\u00f3n de defensas:\u00a0<\/strong>formulado con vitamina C y nucle\u00f3tidos de levadura que act\u00faan como moduladores de las defensas, ayudando a conferir una \u00f3ptima respuesta inmunol\u00f3gica.<\/li>\n<li><strong>Salud osteoarticular:\u00a0<\/strong>una excelente relaci\u00f3n calcio\/f\u00f3sforo, combinada con glucosamina, vitamina C, sales de manganeso y metilsulfonilmetano, colaboran a mantener saludables los huesos y las articulaciones de los perros de raza grande.<\/li>\n<li><strong>M\u00fasculos fuertes:<\/strong>\u00a0formulado con prote\u00ednas de alta calidad que favorecen el mantenimiento de una excelente masa muscular fuerte y magra.<\/li>\n<li><strong>Control del sarro y la halitosis:<\/strong>\u00a0la inclusi\u00f3n de hexametafosfato de sodio ayuda a prevenir la formaci\u00f3n de sarro dental y su influencia sobre la halitosis.<\/li>\n<\/ul>\n<\/li>\n<\/ul>\n","protected":false},"excerpt":{"rendered":"<p>Indicado para perros adultos de raza grande de 18 meses hasta 7 a\u00f1os Vitalcan Balanced\u00a0es ideal para perros adultos de raza grande porque su\u00a0Programa Equilibrio Saludable\u00a0les proporciona: Modulaci\u00f3n de defensas:\u00a0formulado con vitamina C y nucle\u00f3tidos de levadura que act\u00faan como moduladores de las defensas, ayudando a conferir una \u00f3ptima respuesta inmunol\u00f3gica. Salud osteoarticular:\u00a0una excelente relaci\u00f3n calcio\/f\u00f3sforo, combinada con glucosamina, vitamina C, sales de manganeso y metilsulfonilmetano, colaboran a mantener saludables los huesos y las articulaciones de los perros de raza grande. M\u00fasculos fuertes:\u00a0formulado con prote\u00ednas de alta calidad que favorecen el mantenimiento de una excelente masa muscular fuerte y magra. Control del sarro y la halitosis:\u00a0la inclusi\u00f3n de hexametafosfato de sodio ayuda a prevenir la formaci\u00f3n de sarro dental y su influencia sobre la halitosis.<\/p>\n","protected":false},"featured_media":499,"comment_status":"open","ping_status":"closed","template":"","meta":{"_joinchat":[]},"product_brand":[],"product_cat":[29,52],"product_tag":[],"class_list":{"0":"post-498","1":"product","2":"type-product","3":"status-publish","4":"has-post-thumbnail","6":"product_cat-perros","7":"product_cat-vital-can-perros","9":"first","10":"instock","11":"shipping-taxable","12":"product-type-variable"},"yoast_head":"<!-- This site is optimized with the Yoast SEO plugin v26.3 - https:\/\/yoast.com\/wordpress\/plugins\/seo\/ -->\n<title>Vital Can Balanced Adulto Large Breed - Cl\u00ednica Veterinaria B&amp;F<\/title>\n<meta name=\"description\" content=\"VitalCan Balanced Adulto Large Breed es un alimento Premium para perros adultos de razas grandes, entre 1 y 7 a\u00f1os de edad.\" \/>\n<meta name=\"robots\" content=\"index, follow, max-snippet:-1, max-image-preview:large, max-video-preview:-1\" \/>\n<link rel=\"canonical\" href=\"https:\/\/veterinariabyf.com.ar\/petshop\/product\/vital-can-balanced-adulto-large-breed\/\" \/>\n<meta property=\"og:locale\" content=\"es_ES\" \/>\n<meta property=\"og:type\" content=\"article\" \/>\n<meta property=\"og:title\" content=\"Vital Can Balanced Adulto Large Breed - Cl\u00ednica Veterinaria B&amp;F\" \/>\n<meta property=\"og:description\" content=\"VitalCan Balanced Adulto Large Breed es un alimento Premium para perros adultos de razas grandes, entre 1 y 7 a\u00f1os de edad.\" \/>\n<meta property=\"og:url\" content=\"https:\/\/veterinariabyf.com.ar\/petshop\/product\/vital-can-balanced-adulto-large-breed\/\" \/>\n<meta property=\"og:site_name\" content=\"Cl\u00ednica Veterinaria B&amp;F\" \/>\n<meta property=\"article:publisher\" content=\"https:\/\/www.facebook.com\/alicanpetshop\" \/>\n<meta property=\"article:modified_time\" content=\"2025-07-03T22:04:27+00:00\" \/>\n<meta property=\"og:image\" content=\"https:\/\/veterinariabyf.com.ar\/petshop\/wp-content\/uploads\/2020\/05\/Vital-Can-Balanced-Adulto-Large-Breed.jpg\" \/>\n\t<meta property=\"og:image:width\" content=\"760\" \/>\n\t<meta property=\"og:image:height\" content=\"760\" \/>\n\t<meta property=\"og:image:type\" content=\"image\/jpeg\" \/>\n<meta name=\"twitter:card\" content=\"summary_large_image\" \/>\n<meta name=\"twitter:label1\" content=\"Tiempo de lectura\" \/>\n\t<meta name=\"twitter:data1\" content=\"1 minuto\" \/>\n<script type=\"application\/ld+json\" class=\"yoast-schema-graph\">{\"@context\":\"https:\/\/schema.org\",\"@graph\":[{\"@type\":\"WebPage\",\"@id\":\"https:\/\/veterinariabyf.com.ar\/petshop\/product\/vital-can-balanced-adulto-large-breed\/\",\"url\":\"https:\/\/veterinariabyf.com.ar\/petshop\/product\/vital-can-balanced-adulto-large-breed\/\",\"name\":\"Vital Can Balanced Adulto Large Breed - Cl\u00ednica Veterinaria B&amp;F\",\"isPartOf\":{\"@id\":\"https:\/\/veterinariabyf.com.ar\/petshop\/#website\"},\"primaryImageOfPage\":{\"@id\":\"https:\/\/veterinariabyf.com.ar\/petshop\/product\/vital-can-balanced-adulto-large-breed\/#primaryimage\"},\"image\":{\"@id\":\"https:\/\/veterinariabyf.com.ar\/petshop\/product\/vital-can-balanced-adulto-large-breed\/#primaryimage\"},\"thumbnailUrl\":\"https:\/\/veterinariabyf.com.ar\/petshop\/wp-content\/uploads\/2020\/05\/Vital-Can-Balanced-Adulto-Large-Breed.jpg\",\"datePublished\":\"2020-05-29T14:15:34+00:00\",\"dateModified\":\"2025-07-03T22:04:27+00:00\",\"description\":\"VitalCan Balanced Adulto Large Breed es un alimento Premium para perros adultos de razas grandes, entre 1 y 7 a\u00f1os de edad.\",\"breadcrumb\":{\"@id\":\"https:\/\/veterinariabyf.com.ar\/petshop\/product\/vital-can-balanced-adulto-large-breed\/#breadcrumb\"},\"inLanguage\":\"es\",\"potentialAction\":[{\"@type\":\"ReadAction\",\"target\":[\"https:\/\/veterinariabyf.com.ar\/petshop\/product\/vital-can-balanced-adulto-large-breed\/\"]}]},{\"@type\":\"ImageObject\",\"inLanguage\":\"es\",\"@id\":\"https:\/\/veterinariabyf.com.ar\/petshop\/product\/vital-can-balanced-adulto-large-breed\/#primaryimage\",\"url\":\"https:\/\/veterinariabyf.com.ar\/petshop\/wp-content\/uploads\/2020\/05\/Vital-Can-Balanced-Adulto-Large-Breed.jpg\",\"contentUrl\":\"https:\/\/veterinariabyf.com.ar\/petshop\/wp-content\/uploads\/2020\/05\/Vital-Can-Balanced-Adulto-Large-Breed.jpg\",\"width\":760,\"height\":760,\"caption\":\"Vital Can Balanced Adulto Large Breed\"},{\"@type\":\"BreadcrumbList\",\"@id\":\"https:\/\/veterinariabyf.com.ar\/petshop\/product\/vital-can-balanced-adulto-large-breed\/#breadcrumb\",\"itemListElement\":[{\"@type\":\"ListItem\",\"position\":1,\"name\":\"Portada\",\"item\":\"https:\/\/veterinariabyf.com.ar\/petshop\/\"},{\"@type\":\"ListItem\",\"position\":2,\"name\":\"TIENDA\",\"item\":\"https:\/\/veterinariabyf.com.ar\/petshop\/shop\/\"},{\"@type\":\"ListItem\",\"position\":3,\"name\":\"Vital Can Balanced Adulto Large Breed\"}]},{\"@type\":\"WebSite\",\"@id\":\"https:\/\/veterinariabyf.com.ar\/petshop\/#website\",\"url\":\"https:\/\/veterinariabyf.com.ar\/petshop\/\",\"name\":\"Cl\u00ednica Veterinaria B&amp;F\",\"description\":\"Comprometidos con el bienestar de tu mascota\",\"publisher\":{\"@id\":\"https:\/\/veterinariabyf.com.ar\/petshop\/#organization\"},\"potentialAction\":[{\"@type\":\"SearchAction\",\"target\":{\"@type\":\"EntryPoint\",\"urlTemplate\":\"https:\/\/veterinariabyf.com.ar\/petshop\/?s={search_term_string}\"},\"query-input\":{\"@type\":\"PropertyValueSpecification\",\"valueRequired\":true,\"valueName\":\"search_term_string\"}}],\"inLanguage\":\"es\"},{\"@type\":\"Organization\",\"@id\":\"https:\/\/veterinariabyf.com.ar\/petshop\/#organization\",\"name\":\"Cl\u00ednica Veterinaria B&amp;F\",\"url\":\"https:\/\/veterinariabyf.com.ar\/petshop\/\",\"logo\":{\"@type\":\"ImageObject\",\"inLanguage\":\"es\",\"@id\":\"https:\/\/veterinariabyf.com.ar\/petshop\/#\/schema\/logo\/image\/\",\"url\":\"https:\/\/veterinariabyf.com.ar\/petshop\/wp-content\/uploads\/2021\/12\/cropped-LOGOPETSHOPchico.png\",\"contentUrl\":\"https:\/\/veterinariabyf.com.ar\/petshop\/wp-content\/uploads\/2021\/12\/cropped-LOGOPETSHOPchico.png\",\"width\":739,\"height\":306,\"caption\":\"Cl\u00ednica Veterinaria B&amp;F\"},\"image\":{\"@id\":\"https:\/\/veterinariabyf.com.ar\/petshop\/#\/schema\/logo\/image\/\"},\"sameAs\":[\"https:\/\/www.facebook.com\/alicanpetshop\",\"https:\/\/www.instagram.com\/petshop.alican\/\"]}]}<\/script>\n<!-- \/ Yoast SEO plugin. -->","yoast_head_json":{"title":"Vital Can Balanced Adulto Large Breed - Cl\u00ednica Veterinaria B&amp;F","description":"VitalCan Balanced Adulto Large Breed es un alimento Premium para perros adultos de razas grandes, entre 1 y 7 a\u00f1os de edad.","robots":{"index":"index","follow":"follow","max-snippet":"max-snippet:-1","max-image-preview":"max-image-preview:large","max-video-preview":"max-video-preview:-1"},"canonical":"https:\/\/veterinariabyf.com.ar\/petshop\/product\/vital-can-balanced-adulto-large-breed\/","og_locale":"es_ES","og_type":"article","og_title":"Vital Can Balanced Adulto Large Breed - Cl\u00ednica Veterinaria B&amp;F","og_description":"VitalCan Balanced Adulto Large Breed es un alimento Premium para perros adultos de razas grandes, entre 1 y 7 a\u00f1os de edad.","og_url":"https:\/\/veterinariabyf.com.ar\/petshop\/product\/vital-can-balanced-adulto-large-breed\/","og_site_name":"Cl\u00ednica Veterinaria B&amp;F","article_publisher":"https:\/\/www.facebook.com\/alicanpetshop","article_modified_time":"2025-07-03T22:04:27+00:00","og_image":[{"width":760,"height":760,"url":"https:\/\/veterinariabyf.com.ar\/petshop\/wp-content\/uploads\/2020\/05\/Vital-Can-Balanced-Adulto-Large-Breed.jpg","type":"image\/jpeg"}],"twitter_card":"summary_large_image","twitter_misc":{"Tiempo de lectura":"1 minuto"},"schema":{"@context":"https:\/\/schema.org","@graph":[{"@type":"WebPage","@id":"https:\/\/veterinariabyf.com.ar\/petshop\/product\/vital-can-balanced-adulto-large-breed\/","url":"https:\/\/veterinariabyf.com.ar\/petshop\/product\/vital-can-balanced-adulto-large-breed\/","name":"Vital Can Balanced Adulto Large Breed - Cl\u00ednica Veterinaria B&amp;F","isPartOf":{"@id":"https:\/\/veterinariabyf.com.ar\/petshop\/#website"},"primaryImageOfPage":{"@id":"https:\/\/veterinariabyf.com.ar\/petshop\/product\/vital-can-balanced-adulto-large-breed\/#primaryimage"},"image":{"@id":"https:\/\/veterinariabyf.com.ar\/petshop\/product\/vital-can-balanced-adulto-large-breed\/#primaryimage"},"thumbnailUrl":"https:\/\/veterinariabyf.com.ar\/petshop\/wp-content\/uploads\/2020\/05\/Vital-Can-Balanced-Adulto-Large-Breed.jpg","datePublished":"2020-05-29T14:15:34+00:00","dateModified":"2025-07-03T22:04:27+00:00","description":"VitalCan Balanced Adulto Large Breed es un alimento Premium para perros adultos de razas grandes, entre 1 y 7 a\u00f1os de edad.","breadcrumb":{"@id":"https:\/\/veterinariabyf.com.ar\/petshop\/product\/vital-can-balanced-adulto-large-breed\/#breadcrumb"},"inLanguage":"es","potentialAction":[{"@type":"ReadAction","target":["https:\/\/veterinariabyf.com.ar\/petshop\/product\/vital-can-balanced-adulto-large-breed\/"]}]},{"@type":"ImageObject","inLanguage":"es","@id":"https:\/\/veterinariabyf.com.ar\/petshop\/product\/vital-can-balanced-adulto-large-breed\/#primaryimage","url":"https:\/\/veterinariabyf.com.ar\/petshop\/wp-content\/uploads\/2020\/05\/Vital-Can-Balanced-Adulto-Large-Breed.jpg","contentUrl":"https:\/\/veterinariabyf.com.ar\/petshop\/wp-content\/uploads\/2020\/05\/Vital-Can-Balanced-Adulto-Large-Breed.jpg","width":760,"height":760,"caption":"Vital Can Balanced Adulto Large Breed"},{"@type":"BreadcrumbList","@id":"https:\/\/veterinariabyf.com.ar\/petshop\/product\/vital-can-balanced-adulto-large-breed\/#breadcrumb","itemListElement":[{"@type":"ListItem","position":1,"name":"Portada","item":"https:\/\/veterinariabyf.com.ar\/petshop\/"},{"@type":"ListItem","position":2,"name":"TIENDA","item":"https:\/\/veterinariabyf.com.ar\/petshop\/shop\/"},{"@type":"ListItem","position":3,"name":"Vital Can Balanced Adulto Large Breed"}]},{"@type":"WebSite","@id":"https:\/\/veterinariabyf.com.ar\/petshop\/#website","url":"https:\/\/veterinariabyf.com.ar\/petshop\/","name":"Cl\u00ednica Veterinaria B&amp;F","description":"Comprometidos con el bienestar de tu mascota","publisher":{"@id":"https:\/\/veterinariabyf.com.ar\/petshop\/#organization"},"potentialAction":[{"@type":"SearchAction","target":{"@type":"EntryPoint","urlTemplate":"https:\/\/veterinariabyf.com.ar\/petshop\/?s={search_term_string}"},"query-input":{"@type":"PropertyValueSpecification","valueRequired":true,"valueName":"search_term_string"}}],"inLanguage":"es"},{"@type":"Organization","@id":"https:\/\/veterinariabyf.com.ar\/petshop\/#organization","name":"Cl\u00ednica Veterinaria B&amp;F","url":"https:\/\/veterinariabyf.com.ar\/petshop\/","logo":{"@type":"ImageObject","inLanguage":"es","@id":"https:\/\/veterinariabyf.com.ar\/petshop\/#\/schema\/logo\/image\/","url":"https:\/\/veterinariabyf.com.ar\/petshop\/wp-content\/uploads\/2021\/12\/cropped-LOGOPETSHOPchico.png","contentUrl":"https:\/\/veterinariabyf.com.ar\/petshop\/wp-content\/uploads\/2021\/12\/cropped-LOGOPETSHOPchico.png","width":739,"height":306,"caption":"Cl\u00ednica Veterinaria B&amp;F"},"image":{"@id":"https:\/\/veterinariabyf.com.ar\/petshop\/#\/schema\/logo\/image\/"},"sameAs":["https:\/\/www.facebook.com\/alicanpetshop","https:\/\/www.instagram.com\/petshop.alican\/"]}]}},"_links":{"self":[{"href":"https:\/\/veterinariabyf.com.ar\/petshop\/wp-json\/wp\/v2\/product\/498","targetHints":{"allow":["GET"]}}],"collection":[{"href":"https:\/\/veterinariabyf.com.ar\/petshop\/wp-json\/wp\/v2\/product"}],"about":[{"href":"https:\/\/veterinariabyf.com.ar\/petshop\/wp-json\/wp\/v2\/types\/product"}],"replies":[{"embeddable":true,"href":"https:\/\/veterinariabyf.com.ar\/petshop\/wp-json\/wp\/v2\/comments?post=498"}],"wp:featuredmedia":[{"embeddable":true,"href":"https:\/\/veterinariabyf.com.ar\/petshop\/wp-json\/wp\/v2\/media\/499"}],"wp:attachment":[{"href":"https:\/\/veterinariabyf.com.ar\/petshop\/wp-json\/wp\/v2\/media?parent=498"}],"wp:term":[{"taxonomy":"product_brand","embeddable":true,"href":"https:\/\/veterinariabyf.com.ar\/petshop\/wp-json\/wp\/v2\/product_brand?post=498"},{"taxonomy":"product_cat","embeddable":true,"href":"https:\/\/veterinariabyf.com.ar\/petshop\/wp-json\/wp\/v2\/product_cat?post=498"},{"taxonomy":"product_tag","embeddable":true,"href":"https:\/\/veterinariabyf.com.ar\/petshop\/wp-json\/wp\/v2\/product_tag?post=498"}],"curies":[{"name":"wp","href":"https:\/\/api.w.org\/{rel}","templated":true}]}}